nd 348?
12
Suppose -3256 - 6440 = -32*b. What is the highest common divisor of b and 101?
101
Let l be -3 + 175/20 + 1/4. Let y = l - -4. Suppose y = o - 2. What is the highest common divisor of 96 and o?
12
Let w = 3968 + -3815. Calculate the highest common divisor of w and 15.
3
Let r(b) = 14*b + 265. Let i(c) = c. Let x(l) = 3*i(l) - r(l). Let s be x(-25). What is the highest common factor of 110 and s?
10
Let n = -38 + 90. Let u be 814/12 + -1 + (-2)/(-12). Let p = u - n. What is the greatest common divisor of p and 105?
15
Let l(d) = d + 27. Let x be l(-31). Let s be (144/x*1)/(-2). Let n(a) = 8*a**2 - 3*a. Let i be n(3). Calculate the greatest common divisor of s and i.
9
Let g(r) = 17*r + 7. Let m be g(23). Let f = m + -323. What is the greatest common factor of 100 and f?
25
Suppose 6*d - 10*d = -4, 2*d = 2*u - 998. What is the highest common divisor of 15 and u?
5
Suppose -17 - 85 = -2*m. Let d = m - 15. Suppose -k = k - d. What is the greatest common factor of k and 3?
3
Let m(r) = r**3 - 108*r**2 + 2195*r - 639. Let x be m(81). Let h(z) = 36*z**2 - z - 1. Let o be h(-1). Calculate the greatest common factor of o and x.
9
Suppose 0 = -t, -5*i + 325 = -5*t - 235. Suppose 5*l - 8*l + 6 = 0. Suppose 3*y - 15 = 3*r, l*r + 0 = 4. What is the highest common factor of i and y?
7
Let i = -2391 + 1578. Let v be 4/8 + -2 + i/(-2). Calculate the greatest common factor of 90 and v.
45
Let a(d) = 4*d**2 - 2*d + 5. Let o be a(10). Suppose -6*n + o = -341. Calculate the highest common factor of n and 22.
11
Let k be (665/56*2 - 5)*56/2. Calculate the highest common divisor of 7 and k.
7
Let j = -1085 + 349. Let v be (0 - j/56)*7. What is the highest common factor of 23 and v?
23
Let y be (4 - 332)*4/48*21. Let l be 164/y - 79/(-7). Calculate the highest common factor of l and 352.
11
Let q be (-2)/7 - (-72)/7. Let w = -13513 + 13603. What is the highest common factor of w and q?
10
Suppose -263*k + 768*k - 1552875 = 0. What is the highest common factor of 105 and k?
15
Suppose -49 = -7*t + 2*t + 2*c, 5*t - 4*c = 43. Suppose 23*p + t*p - 850 = 0. What is the highest common divisor of p and 20?
5
Suppose 22*n + 5*g + 38 = 24*n, -4*g - 25 = -n. What is the greatest common factor of n and 2259?
9
Let w(c) = 94*c + 11. Let h be w(4). Let p be (0 - -5)/(2 + -1). Suppose p*l = 1507 - h. Calculate the greatest common factor of l and 28.
28
Let v be 64 + -2 - 4/(-2). Let g be ((-14824)/(-85))/(9/15)*3. Let j = g + -868. Calculate the greatest common factor of v and j.
4
Suppose f = 5*d - 520, -5*f = -5*d + 525 - 25. Calculate the highest common factor of 3255 and d.
105
Suppose -21*i + 2*i = -57. Suppose -i*t + 6*t + 840 = 5*w, -4*t = 20. What is the greatest common factor of w and 30?
15
Let x be (300/45)/(3/9). Suppose -x*g + 419 + 1401 = 0. Let l(v) = v**3 + 6*v**2 + 5*v + 7. Let a be l(-5). Calculate the highest common divisor of a and g.
7
Suppose -3*r = -4*l + 91, 97 = 5*r + 102. Calculate the greatest common factor of 2981 and l.
11
Let d = 1219 + -944. Calculate the greatest common factor of 55 and d.
55
Let s be 6*(-70)/4*(112/(-24) + 4). Suppose 152 = 4*q - 16. What is the greatest common divisor of s and q?
14
Let b be (-84)/(-7) - 6 - (-5 - -3). Suppose 10*r - 1440 = -b*r. Calculate the greatest common divisor of 20 and r.
20
Suppose -2*v + 715 = 3*v - 4*p, -p = 4*v - 572. What is the greatest common divisor of 4069 and v?
13
Let z(v) = -v**3 + 3*v + 203. Let u be z(6). Calculate the highest common divisor of u and 845.
5
Let p = -9296 - -13512. What is the highest common divisor of 272 and p?
136
Let n(i) = 3*i**3 + 33*i**2 - 13*i - 122. Let y be n(-10). Calculate the highest common factor of y and 1386.
154
Let g(i) = 49*i + 6. Let w be g(2). Suppose -4*j + 600 - w = 0. Suppose 4*d - j = 44. What is the greatest common factor of d and 6?
6
Suppose -4*h - 3 = -5*h - 4*d, 3*d = -3*h + 9. Suppose 0 = -h*m - 37 + 322. What is the greatest common factor of m and 19?
19
Let q = 8429 - 8289. What is the highest common divisor of 275 and q?
5
Let x be (-33 - -14 - -14) + 131. What is the highest common factor of 1589 and x?
7
Suppose 19*m = 42*m + 4761. Let u = m - -423. What is the greatest common divisor of 360 and u?
72
Suppose -8*g = -1330 - 2774. What is the highest common divisor of 399 and g?
57
Let d = 8127 + -7831. Calculate the highest common divisor of d and 72.
8
Let t be 65/(-20)*-77 - 3/12. Let q = t + -247. Let l = -10 - -34. Calculate the greatest common divisor of q and l.
3
Suppose 26089 = 16*n - 11431. Calculate the highest common factor of 10 and n.
5
Suppose 5*u + 4*l - l = 14196, -2*u + 13*l = -5650. What is the greatest common factor of 132 and u?
66
Let m be (-5)/15*804/(-1). Suppose -21*u - m = -22*u. Let c be (49/(-4))/(-1) - 67/u. What is the highest common factor of 216 and c?
12
Let n = -159 - -150. Let c(s) = -3*s. Let h be c(n). Calculate the greatest common divisor of 18 and h.
9
Let n(l) = -26*l + 14. Let w(a) = -a + 3. Let y(c) = -n(c) - 3*w(c). Let r be y(3). What is the greatest common factor of r and 144?
16
Let f be 80/(-30)*((-6)/1 - 0). Suppose 4*m + 5*i = 3*i + 80, -4*i + f = 0. Calculate the highest common divisor of m and 222.
6
Let w(l) = -l**3 + 12*l**2 + 83*l - 718. Let t be w(10). Suppose -3*c = -0*c - 78. What is the highest common factor of t and c?
26
Let o = 938 + -779. Suppose -170 - o = -7*s. Calculate the highest common factor of s and 47.
47
Let o = 92 - 85. Suppose -5*w - 5*l + 215 = 0, 5*l + 48 = w - o. Let r = 49 - w. Calculate the highest common factor of r and 44.
4
Let o be -2 - (-19)/4 - (-1)/4. Suppose 3*p + o = z - 7, p = 2*z - 35. What is the highest common divisor of 171 and z?
19
Let h be ((3 - 6) + -4)*-1. Let x be -3 + h + -5 + 22*5. Let q = x + -85. Calculate the greatest common divisor of q and 192.
24
Let x(j) = -362*j + 12. Let l be x(-2). Let r be 2/30*-1 - 18684/(-810). Calculate the highest common factor of r and l.
23
Let r be 7 - 7636/6*-3. What is the highest common factor of r and 85?
85
Suppose 74*m = 57*m + 884. What is the greatest common divisor of 1664 and m?
52
Let x be (616/(-33) - -1)*-348. Calculate the highest common factor of 424 and x.
212
Let v = 265 - -23567. What is the highest common divisor of 72 and v?
72
Let p = -27617 + 27892. Calculate the highest common factor of p and 77.
11
Let p = 21 - 25. Let w = 11 + p. Let q(t) = -45*t + 4. Let s be q(-1). Calculate the highest common factor of w and s.
7
Suppose 14*s = 305 + 1529. What is the highest common divisor of 17161 and s?
131
Suppose 585 = 3*c - 3*j, 4*c - 15*j + 10*j = 780. Calculate the greatest common factor of 150 and c.
15
Let h(r) = 2*r**3 + 7*r**2 + 14*r + 36. Let k be h(-4). Let u be 6 + 220/k + 1513/9. Calculate the highest common divisor of u and 60.
12
Let o be ((-51)/3 - -1)*(52 - 206). Calculate the highest common divisor of 77 and o.
77
Let v = 17703 - 17568. What is the greatest common factor of 3825 and v?
45
Let y = 106 + -67. Suppose 37*q - 50 = 12*q. Suppose -4*m + 206 = -x, -5*m + 266 = -q*x + 5*x. What is the highest common divisor of y and m?
13
Suppose 3*v = -4*z + 223, -6*v = -7*v - 4*z + 85. Let x(k) = 3*k**2 - 4. Let g be x(3). What is the greatest common divisor of g and v?
23
Let r = -14786 + 14848. Calculate the greatest common divisor of 1023 and r.
31
Let k(o) = -o**3 + o**2 + 3*o + 252. Suppose w = 9*x - 5*x - 5, -4*w - 20 = -5*x. Let h be k(x). Calculate the greatest common divisor of h and 9.
9
Let q = -7059 - -7535. What is the highest common divisor of q and 196?
28
Suppose -3*h = -0*h - 5*u - 40, 10 = h - 5*u. Let y be (-286)/(-24 + 11) + (3 - -5). What is the greatest common divisor of y and h?
15
Let b(u) = -u**2 - 10*u - 9. Let k be (-14)/(-21)*(-15 - -3). Let j be b(k). Calculate the highest common factor of j and 168.
7
Suppose 41236 + 50284 = 88*o. What is the highest common factor of o and 90?
10
Let d(h) = -12*h - 30. Let v be d(-4). Suppose v*i - 72 = -6*i. Let w be (5/(-3))/(2/(-18)). What is the greatest common factor of i and w?
3
Let i be 64 - -7*104/91. Let r = -9 - -17. Calculate the highest common divisor of i and r.
8
Let r = 75591 + -47411. What is the highest common divisor of 20 and r?
20
Let z be 9/(1/((-2)/2)). Let y be (z/(-3))/(2/72). Su